rue
Is 266214006 a multiple of 202?
False
Is 2221907779 a multiple of 1959?
False
Does 109 divide 44326049?
True
Does 85 divide 61607813?
False
Does 543 divide 1351204?
False
Does 26 divide 10529473?
False
Is 45 a factor of 7176870?
True
Is 1204860870 a multiple of 159?
False
Does 423 divide 16180173?
True
Is 161 a factor of 137541495?
True
Is 319 a factor of 19500470?
True
Is 831 a factor of 43485835?
False
Is 115 a factor of 79915225?
True
Is 18 a factor of 45342054?
True
Does 2717 divide 1206970193?
True
Is 20857726 a multiple of 106?
True
Is 67078607 a multiple of 16?
False
Is 31475684 a multiple of 215?
False
Is 11280 a factor of 1362583322?
False
Is 1241905454 a multiple of 34?
True
Does 9 divide 4880349?
True
Is 358630179 a multiple of 2345?
False
Is 1443 a factor of 1496391?
True
Is 129579450 a multiple of 195?
True
Is 876747906 a multiple of 21?
False
Does 182 divide 40077492?
True
Is 70 a factor of 370908706?
False
Is 8 a factor of 8973681?
False
Is 50954904 a multiple of 1001?
True
Does 5701 divide 30899420?
True
Does 21 divide 869915481?
False
Is 17533521 a multiple of 1633?
True
Is 1486682 even?
True
Does 16 divide 6220220?
False
Is 12 a factor of 1075690776?
True
Is 9650429 a multiple of 167?
True
Is 1609 a factor of 832271340?
True
Is 48551163 a multiple of 3?
True
Does 9 divide 110228096?
False
Is 7445 a factor of 77618058?
False
Is 3371045936 a multiple of 53?
False
Is 106909173 a multiple of 639?
True
Does 594 divide 27034128?
True
Is 25 a factor of 51769900?
True
Is 9752 a factor of 3243134872?
True
Does 184 divide 35340696?
True
Is 467 a factor of 870271010?
False
Does 98 divide 13764786?
True
Is 11 a factor of 2030477294?
False
Is 16 a factor of 191762848?
True
Does 235 divide 61352498?
False
Is 13 a factor of 519566801?
True
Does 2484 divide 48654108?
True
Is 1237 a factor of 58260226?
True
Is 30 a factor of 7698060?
True
Is 28157713 a multiple of 491?
False
Is 272 a factor of 31570535?
False
Is 6 a factor of 58649256?
True
Is 54 a factor of 125331322?
False
Is 1370401375 a multiple of 125?
True
Does 667 divide 196712391?
False
Does 663 divide 1779476280?
False
Is 69 a factor of 607081734?
True
Does 158 divide 258196964?
True
Does 259 divide 19850019?
True
Is 1833066 a multiple of 4?
False
Is 41 a factor of 58080249?
False
Is 220 a factor of 31995920?
True
Is 63 a factor of 113509494?
True
Is 1135594 a multiple of 181?
True
Is 1031202 a multiple of 971?
True
Does 10 divide 1284260151?
False
Is 36 a factor of 30412278?
False
Is 1234178862 a multiple of 42?
True
Is 62 a factor of 530728656?
False
Is 1677248768 a multiple of 1222?
True
Is 182864140 a multiple of 515?
True
Is 867494615 a multiple of 23?
False
Is 27 a factor of 783598309?
False
Is 46514104 a multiple of 238?
False
Does 1370 divide 891602050?
False
Does 29 divide 32573103?
False
Does 37 divide 263760228?
False
Does 22 divide 482481956?
True
Is 521551 a multiple of 3?
False
Is 432356070 a multiple of 2958?
True
Does 38 divide 10411560?
False
Is 64 a factor of 6790001?
False
Does 1142 divide 1309737596?
False
Is 1473 a factor of 9009132?
False
Is 911 a factor of 352395787?
False
Does 1302 divide 129274278?
True
Is 831655151 a multiple of 19?
False
Does 59 divide 452358331?
False
Is 62 a factor of 3833094758?
True
Does 883 divide 292457547?
True
Does 324 divide 31548204?
True
Does 110 divide 160107514?
False
Is 2185483 a multiple of 409?
False
Is 40 a factor of 1169563621?
False
Is 306 a factor of 1468188?
True
Is 2461268 a multiple of 162?
False
Does 10 divide 181885310?
True
Is 428 a factor of 294033004?
True
Does 155 divide 41001685?
True
Is 778405952 a multiple of 1487?
False
Does 10 divide 188492530?
True
Is 25 a factor of 46880375?
True
Does 269 divide 55619179?
False
Is 225271037 a multiple of 2?
False
Is 172 a factor of 66605452?
True
Is 6370000 a multiple of 1750?
True
Does 3119 divide 1998831907?
False
Is 257366696 a multiple of 614?
True
Does 22 divide 1039419?
False
Does 34 divide 173923668?
True
Is 1252510256 a multiple of 8?
True
Is 750 a factor of 84846750?
True
Is 4240027 a multiple of 947?
False
Does 21 divide 69965958?
False
Is 1037 a factor of 592016271?
False
Does 19 divide 4322519?
True
Is 41813691 a multiple of 154?
False
Does 2281 divide 1321027464?
True
Is 193766025 a multiple of 75?
True
Is 1322582154 a multiple of 13?
False
Is 45 a factor of 178738278?
False
Does 13 divide 639083411?
False
Is 2058586192 a multiple of 255?
False
Is 5078 a factor of 129974276?
False
Is 7 a factor of 107827177?
False
Does 209 divide 1660342954?
False
Is 5 a factor of 90395365?
True
Does 128 divide 456331457?
False
Is 12031770 a multiple of 4?
False
Does 3535 divide 467226961?
False
Is 33446644 a multiple of 2335?
False
Is 55038906 a multiple of 338?
True
Does 15 divide 29346315?
True
Is 4742863 a multiple of 36?
False
Is 302 a factor of 44000393?
False
Is 123052770 a multiple of 1422?
True
Does 8498 divide 1140958476?
True
Does 213 divide 56157365?
False
Is 21 a factor of 394578891?
True
Does 166 divide 343609542?
True
Is 301 a factor of 24410039?
False
Is 228 a factor of 9781659?
False
Does 22 divide 49921754?
False
Does 56 divide 15691269?
False
Is 230189838 a multiple of 139?
True
Does 624 divide 534632592?
True
Is 126690519 a multiple of 5?
False
Does 25 divide 69314475?
True
Is 13071674 a multiple of 14?
True
Is 3692518902 a multiple of 701?
True
Is 529 a factor of 75056358?
False
Is 317529135 a multiple of 315?
True
Is 9 a factor of 12585081?
False
Is 199 a factor of 7406011?
False
Is 126485280 a multiple of 32?
True
Does 33 divide 479622?
True
Is 1221191399 a multiple of 400?
False
Does 23 divide 152814183?
False
Does 3354 divide 94730376?
True
Does 5 divide 17665680?
True
Does 49 divide 639793?
True
Does 495 divide 34586370?
False
Is 27097828 a multiple of 28?
False
Is 47 a factor of 7100431?
True
Is 10880515 a multiple of 812?
False
Is 4898745 a multiple of 991?
False
Is 3570140408 a multiple of 1366?
False
Is 2540 a factor of 76433680?
True
Is 26955149 a multiple of 221?
True
Is 17746708 a multiple of 782?
True
Is 18588392 a multiple of 66?
False
Is 302710900 a multiple of 13?
False
Is 743 a factor of 1236224619?
False
Is 3226 a factor of 2993273134?
True
Does 156 divide 2035790?
False
Is 69 a factor of 179508?
False
Is 592189403 a multiple of 122?
False
Is 65028382 a multiple of 58?
True
Is 4507 a factor of 154373764?
True
Does 43 divide 50651063?
False
Does 885 divide 458228220?
True
Is 56 a factor of 808072776?
True
Does 3084 divide 65377605?
False
Is 21239658 a multiple of 594?
True
Is 10 a factor of 73953370?
True
Does 201 divide 19002537?
False
Is 5266634730 a multiple of 210?
True
Is 9 a factor of 128745513?
True
Is 83 a factor of 2468752?
True
Is 2030927260 a multiple of 158?
True
Is 266 a factor of 558230757?
False
Is 22192710 a multiple of 30?
True
Does 810 divide 84018870?
True
Does 3634 divide 390451496?
True
Does 24 divide 1325811768?
True
Is 112 a factor of 135802726?
False
Is 75 a factor of 1845663044?
False
Does 8 divide 38221683?
False
Does 385 divide 694989108?
False
Is 52829636 a multiple of 37?
True
Is 824757984 a multiple of 6462?
True
Is 1142162202 a multiple of 2282?
False
Does 61 divide 736453283?
False
Is 92269224 a multiple of 5193?
True
Is 1349 a factor of 1029411108?
True
Is 7 a factor of 55494908?
True
Is 485685889 a multiple of 93?
False
Does 148 divide 1636893485?
False
Does 168 divide 28440303?
False
Is 124403268 a multiple of 22?
True
Is 159572592 a multiple of 9?
True
Is 115086760 a multiple of 853?
True
Is 24819674 a multiple of 74?
True
Does 36 divide 24482268?
True
Is 443268072 a multiple of 31?
False
Is 11 a factor of 200743506?
False
Is 64 a factor of 5333503951?
False
Is 138942804 a multiple of 2959?
True
Is 159947917 a multiple of 10?
False
Is 211 a factor of 77942345?
True
Does 583 divide 507802328?
True
Is 3589757271 a multiple of 20?
False
Is 53219928 a multiple of 9?
False
Does 9 divide 1700189?
False
Is 399258488 a multiple of 404?
False
Is 1898546942 a multiple of 8?
False
Is 315 a factor of 15893640?
True
Is 1424 a factor of 35239728?
True
Does 22 divide 31099248?
False
Is 21 a factor of 2551327943?
False
Is 75892302 a multiple of 128?
False
Is 9379754 even?
True
Is 928 a factor of 3932818766?
Fa